CRAN Package Check Results for Package ziphsmm

Last updated on 2021-06-19 10:52:23 CEST.

Flavor Version Tinstall Tcheck Ttotal Status Flags
r-devel-linux-x86_64-debian-clang 2.0.6 82.54 64.49 147.03 OK
r-devel-linux-x86_64-debian-gcc 2.0.6 64.12 49.49 113.61 OK
r-devel-linux-x86_64-fedora-clang 2.0.6 187.83 NOTE
r-devel-linux-x86_64-fedora-gcc 2.0.6 188.15 OK
r-devel-windows-x86_64 2.0.6 100.00 96.00 196.00 OK
r-devel-windows-x86_64-gcc10-UCRT 2.0.6 OK
r-patched-linux-x86_64 2.0.6 73.36 63.68 137.04 OK
r-patched-solaris-x86 2.0.6 212.90 OK
r-release-linux-x86_64 2.0.6 75.51 63.93 139.44 OK
r-release-macos-arm64 2.0.6 NOTE
r-release-macos-x86_64 2.0.6 NOTE
r-release-windows-ix86+x86_64 2.0.6 194.00 119.00 313.00 OK
r-oldrel-macos-x86_64 2.0.6 NOTE
r-oldrel-windows-ix86+x86_64 2.0.6 135.00 140.00 275.00 OK

Check Details

Version: 2.0.6
Check: installed package size
Result: NOTE
     installed size is 7.7Mb
     sub-directories of 1Mb or more:
     libs 7.3Mb
Flavors: r-devel-linux-x86_64-fedora-clang, r-release-macos-arm64, r-release-macos-x86_64, r-oldrel-macos-x86_64