CRAN Package Check Results for Package yakmoR

Last updated on 2021-06-14 10:52:07 CEST.

Flavor Version Tinstall Tcheck Ttotal Status Flags
r-devel-linux-x86_64-debian-clang 0.1.1 23.10 30.02 53.12 OK
r-devel-linux-x86_64-debian-gcc 0.1.1 14.88 23.97 38.85 OK
r-devel-linux-x86_64-fedora-clang 0.1.1 78.89 NOTE
r-devel-linux-x86_64-fedora-gcc 0.1.1 66.67 NOTE
r-devel-windows-x86_64 0.1.1 27.00 62.00 89.00 OK
r-devel-windows-x86_64-gcc10-UCRT 0.1.1 OK
r-patched-linux-x86_64 0.1.1 17.75 29.31 47.06 OK
r-patched-solaris-x86 0.1.1 82.30 WARN
r-release-linux-x86_64 0.1.1 18.23 29.24 47.47 OK
r-release-macos-arm64 0.1.1 OK
r-release-macos-x86_64 0.1.1 OK
r-release-windows-ix86+x86_64 0.1.1 44.00 77.00 121.00 OK
r-oldrel-macos-x86_64 0.1.1 OK
r-oldrel-windows-ix86+x86_64 0.1.1 45.00 128.00 173.00 OK

Check Details

Version: 0.1.1
Check: compiled code
Result: NOTE
    File ‘yakmoR/libs/yakmoR.so’:
     Found no calls to: ‘R_registerRoutines’, ‘R_useDynamicSymbols’
    
    It is good practice to register native routines and to disable symbol
    search.
    
    See ‘Writing portable packages’ in the ‘Writing R Extensions’ manual.
Flavors: r-devel-linux-x86_64-fedora-clang, r-devel-linux-x86_64-fedora-gcc

Version: 0.1.1
Check: whether package can be installed
Result: WARN
    Found the following significant warnings:
     yakmo.h:184:1: warning: ISO C++ forbids converting a string constant to ‘char*’ [-Wwrite-strings]
Flavor: r-patched-solaris-x86