CRAN Package Check Results for Package xoi

Last updated on 2021-06-24 10:52:45 CEST.

Flavor Version Tinstall Tcheck Ttotal Status Flags
r-devel-linux-x86_64-debian-clang 0.69-2 9.18 50.41 59.59 OK
r-devel-linux-x86_64-debian-gcc 0.69-2 5.96 35.91 41.87 OK
r-devel-linux-x86_64-fedora-clang 0.69-2 80.67 OK
r-devel-linux-x86_64-fedora-gcc 0.69-2 69.69 OK
r-devel-windows-x86_64 0.69-2 18.00 77.00 95.00 OK
r-devel-windows-x86_64-gcc10-UCRT 0.69-2 NOTE
r-patched-linux-x86_64 0.69-2 7.77 48.76 56.53 OK
r-patched-solaris-x86 0.69-2 109.50 OK
r-release-linux-x86_64 0.69-2 6.57 48.54 55.11 OK
r-release-macos-arm64 0.69-2 OK
r-release-macos-x86_64 0.69-2 OK
r-release-windows-ix86+x86_64 0.69-2 31.00 101.00 132.00 OK
r-oldrel-macos-x86_64 0.69-2 OK

Check Details

Version: 0.69-2
Check: package dependencies
Result: NOTE
    Package suggested but not available for checking: 'devtools'
Flavor: r-devel-windows-x86_64-gcc10-UCRT