CRAN Package Check Results for Package xesreadR

Last updated on 2021-06-21 10:52:55 CEST.

Flavor Version Tinstall Tcheck Ttotal Status Flags
r-devel-linux-x86_64-debian-clang 0.2.3 8.45 67.60 76.05 NOTE
r-devel-linux-x86_64-debian-gcc 0.2.3 5.94 51.09 57.03 NOTE
r-devel-linux-x86_64-fedora-clang 0.2.3 97.84 NOTE
r-devel-linux-x86_64-fedora-gcc 0.2.3 86.33 NOTE
r-devel-windows-x86_64 0.2.3 12.00 83.00 95.00 NOTE
r-devel-windows-x86_64-gcc10-UCRT 0.2.3 NOTE
r-patched-linux-x86_64 0.2.3 8.20 63.44 71.64 NOTE
r-patched-solaris-x86 0.2.3 126.90 NOTE
r-release-linux-x86_64 0.2.3 5.12 63.46 68.58 NOTE
r-release-macos-arm64 0.2.3 NOTE
r-release-macos-x86_64 0.2.3 NOTE
r-release-windows-ix86+x86_64 0.2.3 19.00 86.00 105.00 NOTE
r-oldrel-macos-x86_64 0.2.3 OK

Check Details

Version: 0.2.3
Check: LazyData
Result: NOTE
     'LazyData' is specified without a 'data' directory
Flavors: r-devel-linux-x86_64-debian-clang, r-devel-linux-x86_64-debian-gcc, r-devel-linux-x86_64-fedora-clang, r-devel-linux-x86_64-fedora-gcc, r-devel-windows-x86_64, r-devel-windows-x86_64-gcc10-UCRT, r-patched-linux-x86_64, r-patched-solaris-x86, r-release-linux-x86_64, r-release-macos-arm64, r-release-macos-x86_64, r-release-windows-ix86+x86_64