CRAN Package Check Results for Package wwntests

Last updated on 2021-06-22 23:50:53 CEST.

Flavor Version Tinstall Tcheck Ttotal Status Flags
r-devel-linux-x86_64-debian-clang 1.0.1 14.40 188.16 202.56 NOTE
r-devel-linux-x86_64-debian-gcc 1.0.1 12.43 136.68 149.11 NOTE
r-devel-linux-x86_64-fedora-clang 1.0.1 245.77 NOTE
r-devel-linux-x86_64-fedora-gcc 1.0.1 236.76 NOTE
r-devel-windows-x86_64 1.0.1 21.00 215.00 236.00 NOTE
r-devel-windows-x86_64-gcc10-UCRT 1.0.1 ERROR
r-patched-linux-x86_64 1.0.1 12.91 178.14 191.05 NOTE
r-patched-solaris-x86 1.0.1 326.10 NOTE
r-release-linux-x86_64 1.0.1 11.94 176.16 188.10 NOTE
r-release-macos-arm64 1.0.1 NOTE
r-release-macos-x86_64 1.0.1 NOTE
r-release-windows-ix86+x86_64 1.0.1 28.00 191.00 219.00 NOTE
r-oldrel-macos-x86_64 1.0.1 OK

Check Details

Version: 1.0.1
Check: LazyData
Result: NOTE
     'LazyData' is specified without a 'data' directory
Flavors: r-devel-linux-x86_64-debian-clang, r-devel-linux-x86_64-debian-gcc, r-devel-linux-x86_64-fedora-clang, r-devel-linux-x86_64-fedora-gcc, r-devel-windows-x86_64, r-patched-linux-x86_64, r-patched-solaris-x86, r-release-linux-x86_64, r-release-macos-arm64, r-release-macos-x86_64, r-release-windows-ix86+x86_64

Version: 1.0.1
Check: package dependencies
Result: ERROR
    Package required but not available: 'ftsa'
    
    See section 'The DESCRIPTION file' in the 'Writing R Extensions'
    manual.
Flavor: r-devel-windows-x86_64-gcc10-UCRT