CRAN Package Check Results for Package wingui

Last updated on 2021-06-17 23:49:44 CEST.

Flavor Version Tinstall Tcheck Ttotal Status Flags
r-devel-linux-x86_64-debian-clang 0.2 3.42 29.40 32.82 OK
r-devel-linux-x86_64-debian-gcc 0.2 2.65 22.94 25.59 OK
r-devel-linux-x86_64-fedora-clang 0.2 48.65 NOTE
r-devel-linux-x86_64-fedora-gcc 0.2 38.28 NOTE
r-devel-windows-x86_64 0.2 32.00 49.00 81.00 NOTE
r-devel-windows-x86_64-gcc10-UCRT 0.2 NOTE
r-patched-linux-x86_64 0.2 2.84 28.84 31.68 OK
r-patched-solaris-x86 0.2 57.10 OK
r-release-linux-x86_64 0.2 2.76 28.69 31.45 OK
r-release-macos-arm64 0.2 OK
r-release-macos-x86_64 0.2 OK
r-release-windows-ix86+x86_64 0.2 59.00 61.00 120.00 NOTE
r-oldrel-macos-x86_64 0.2 OK
r-oldrel-windows-ix86+x86_64 0.2 46.00 80.00 126.00 NOTE

Check Details

Version: 0.2
Check: compiled code
Result: NOTE
    File ‘wingui/libs/wingui.so’:
     Found no calls to: ‘R_registerRoutines’, ‘R_useDynamicSymbols’
    
    It is good practice to register native routines and to disable symbol
    search.
    
    See ‘Writing portable packages’ in the ‘Writing R Extensions’ manual.
Flavors: r-devel-linux-x86_64-fedora-clang, r-devel-linux-x86_64-fedora-gcc

Version: 0.2
Check: R code for possible problems
Result: NOTE
    .__A__.1 : <anonymous>: no visible binding for global variable '.hwnd'
    Undefined global functions or variables:
     .hwnd
Flavors: r-devel-windows-x86_64, r-devel-windows-x86_64-gcc10-UCRT, r-release-windows-ix86+x86_64, r-oldrel-windows-ix86+x86_64