CRAN Package Check Results for Package windex

Last updated on 2021-05-11 23:51:03 CEST.

Flavor Version Tinstall Tcheck Ttotal Status Flags
r-devel-linux-x86_64-debian-clang 2.0.2 9.62 85.68 95.30 OK
r-devel-linux-x86_64-debian-gcc 2.0.2 8.14 65.47 73.61 OK
r-devel-linux-x86_64-fedora-clang 2.0.2 127.57 OK
r-devel-linux-x86_64-fedora-gcc 2.0.2 113.82 OK
r-devel-windows-ix86+x86_64 2.0.2 19.00 6.00 25.00 ERROR
r-devel-windows-x86_64-gcc10-UCRT 2.0.2 OK
r-patched-linux-x86_64 2.0.2 13.11 84.49 97.60 OK
r-patched-solaris-x86 2.0.2 170.10 OK
r-release-linux-x86_64 2.0.2 9.87 83.28 93.15 OK
r-release-macos-x86_64 2.0.2 OK
r-release-windows-ix86+x86_64 2.0.2 17.00 85.00 102.00 OK
r-oldrel-macos-x86_64 2.0.2 OK
r-oldrel-windows-ix86+x86_64 2.0.2 20.00 74.00 94.00 OK

Check Details

Version: 2.0.2
Check: whether package can be installed
Result: ERROR
    Installation failed.
Flavor: r-devel-windows-ix86+x86_64