CRAN Package Check Results for Package volesti

Last updated on 2021-06-15 10:50:08 CEST.

Flavor Version Tinstall Tcheck Ttotal Status Flags
r-devel-linux-x86_64-debian-clang 1.1.2 589.38 62.88 652.26 OK
r-devel-linux-x86_64-debian-gcc 1.1.2 466.43 63.96 530.39 OK
r-devel-linux-x86_64-fedora-clang 1.1.2 944.25 NOTE
r-devel-linux-x86_64-fedora-gcc 1.1.2 939.16 OK
r-devel-windows-x86_64 1.1.2 675.00 121.00 796.00 OK
r-devel-windows-x86_64-gcc10-UCRT 1.1.2 OK
r-patched-linux-x86_64 1.1.2 530.30 83.09 613.39 OK
r-patched-solaris-x86 1.1.2 660.40 OK
r-release-linux-x86_64 1.1.2 522.20 82.05 604.25 OK
r-release-macos-arm64 1.1.2 NOTE
r-release-macos-x86_64 1.1.2 NOTE
r-release-windows-ix86+x86_64 1.1.2 1304.00 156.00 1460.00 NOTE
r-oldrel-macos-x86_64 1.1.2 NOTE
r-oldrel-windows-ix86+x86_64 1.1.2 1030.00 200.00 1230.00 NOTE

Check Details

Version: 1.1.2
Check: installed package size
Result: NOTE
     installed size is 74.3Mb
     sub-directories of 1Mb or more:
     libs 73.9Mb
Flavors: r-devel-linux-x86_64-fedora-clang, r-release-macos-arm64, r-release-macos-x86_64, r-release-windows-ix86+x86_64, r-oldrel-macos-x86_64, r-oldrel-windows-ix86+x86_64