CRAN Package Check Results for Package vlad

Last updated on 2021-06-13 23:49:24 CEST.

Flavor Version Tinstall Tcheck Ttotal Status Flags
r-devel-linux-x86_64-debian-clang 0.2.2 155.58 59.74 215.32 OK
r-devel-linux-x86_64-debian-gcc 0.2.2 95.46 44.92 140.38 OK
r-devel-linux-x86_64-fedora-clang 0.2.2 297.03 NOTE
r-devel-linux-x86_64-fedora-gcc 0.2.2 263.90 OK
r-devel-windows-x86_64 0.2.2 189.00 152.00 341.00 OK
r-devel-windows-x86_64-gcc10-UCRT 0.2.2 OK
r-patched-linux-x86_64 0.2.2 121.51 57.57 179.08 OK
r-patched-solaris-x86 0.2.2 239.30 OK
r-release-linux-x86_64 0.2.2 104.16 56.05 160.21 OK
r-release-macos-arm64 0.2.2 NOTE
r-release-macos-x86_64 0.2.2 OK
r-release-windows-ix86+x86_64 0.2.2 348.00 123.00 471.00 OK
r-oldrel-macos-x86_64 0.2.2 OK
r-oldrel-windows-ix86+x86_64 0.2.2 352.00 182.00 534.00 OK

Check Details

Version: 0.2.2
Check: installed package size
Result: NOTE
     installed size is 5.3Mb
     sub-directories of 1Mb or more:
     libs 4.7Mb
Flavors: r-devel-linux-x86_64-fedora-clang, r-release-macos-arm64