CRAN Package Check Results for Package vindecodr

Last updated on 2021-06-19 23:49:39 CEST.

Flavor Version Tinstall Tcheck Ttotal Status Flags
r-devel-linux-x86_64-debian-clang 0.1.1 1.91 21.51 23.42 NOTE
r-devel-linux-x86_64-debian-gcc 0.1.1 1.54 16.72 18.26 NOTE
r-devel-linux-x86_64-fedora-clang 0.1.1 37.08 NOTE
r-devel-linux-x86_64-fedora-gcc 0.1.1 26.50 NOTE
r-devel-windows-x86_64 0.1.1 5.00 28.00 33.00 NOTE
r-devel-windows-x86_64-gcc10-UCRT 0.1.1 NOTE
r-patched-linux-x86_64 0.1.1 1.70 20.62 22.32 NOTE
r-patched-solaris-x86 0.1.1 42.70 NOTE
r-release-linux-x86_64 0.1.1 2.01 21.03 23.04 NOTE
r-release-macos-arm64 0.1.1 NOTE
r-release-macos-x86_64 0.1.1 NOTE
r-release-windows-ix86+x86_64 0.1.1 5.00 29.00 34.00 NOTE
r-oldrel-macos-x86_64 0.1.1 OK
r-oldrel-windows-ix86+x86_64 0.1.1 4.00 34.00 38.00 OK

Check Details

Version: 0.1.1
Check: LazyData
Result: NOTE
     'LazyData' is specified without a 'data' directory
Flavors: r-devel-linux-x86_64-debian-clang, r-devel-linux-x86_64-debian-gcc, r-devel-linux-x86_64-fedora-clang, r-devel-linux-x86_64-fedora-gcc, r-devel-windows-x86_64, r-devel-windows-x86_64-gcc10-UCRT, r-patched-linux-x86_64, r-patched-solaris-x86, r-release-linux-x86_64, r-release-macos-arm64, r-release-macos-x86_64, r-release-windows-ix86+x86_64