CRAN Package Check Results for Package vcfR

Last updated on 2021-05-10 23:48:43 CEST.

Flavor Version Tinstall Tcheck Ttotal Status Flags
r-devel-linux-x86_64-debian-clang 1.12.0 156.13 220.13 376.26 OK
r-devel-linux-x86_64-debian-gcc 1.12.0 101.03 176.54 277.57 OK
r-devel-linux-x86_64-fedora-clang 1.12.0 537.75 NOTE
r-devel-linux-x86_64-fedora-gcc 1.12.0 470.15 OK
r-devel-windows-ix86+x86_64 1.12.0 336.00 425.00 761.00 OK
r-devel-windows-x86_64-gcc10-UCRT 1.12.0 OK
r-patched-linux-x86_64 1.12.0 123.96 216.44 340.40 OK
r-patched-solaris-x86 1.12.0 582.60 OK
r-release-linux-x86_64 1.12.0 121.15 218.25 339.40 OK
r-release-macos-x86_64 1.12.0 NOTE
r-release-windows-ix86+x86_64 1.12.0 257.00 333.00 590.00 OK
r-oldrel-macos-x86_64 1.12.0 NOTE
r-oldrel-windows-ix86+x86_64 1.12.0 325.00 426.00 751.00 OK

Check Details

Version: 1.12.0
Check: installed package size
Result: NOTE
     installed size is 7.5Mb
     sub-directories of 1Mb or more:
     libs 5.5Mb
Flavors: r-devel-linux-x86_64-fedora-clang, r-release-macos-x86_64, r-oldrel-macos-x86_64