CRAN Package Check Results for Package usdampr

Last updated on 2021-06-15 10:50:08 CEST.

Flavor Version Tinstall Tcheck Ttotal Status Flags
r-devel-linux-x86_64-debian-clang 1.0.1 1.90 22.42 24.32 OK
r-devel-linux-x86_64-debian-gcc 1.0.1 1.60 17.47 19.07 OK
r-devel-linux-x86_64-fedora-clang 1.0.1 38.45 NOTE
r-devel-linux-x86_64-fedora-gcc 1.0.1 27.77 NOTE
r-devel-windows-x86_64 1.0.1 4.00 38.00 42.00 OK
r-devel-windows-x86_64-gcc10-UCRT 1.0.1 NOTE
r-patched-linux-x86_64 1.0.1 1.87 22.08 23.95 OK
r-patched-solaris-x86 1.0.1 46.20 NOTE
r-release-linux-x86_64 1.0.1 1.58 21.82 23.40 OK
r-release-macos-arm64 1.0.1 NOTE
r-release-macos-x86_64 1.0.1 NOTE
r-release-windows-ix86+x86_64 1.0.1 6.00 32.00 38.00 OK
r-oldrel-macos-x86_64 1.0.1 NOTE
r-oldrel-windows-ix86+x86_64 1.0.1 7.00 40.00 47.00 OK

Check Details

Version: 1.0.1
Check: data for non-ASCII characters
Result: NOTE
     Note: found 2 marked UTF-8 strings
Flavors: r-devel-linux-x86_64-fedora-clang, r-devel-linux-x86_64-fedora-gcc, r-devel-windows-x86_64-gcc10-UCRT, r-patched-solaris-x86, r-release-macos-arm64, r-release-macos-x86_64, r-oldrel-macos-x86_64