CRAN Package Check Results for Package twangContinuous

Last updated on 2021-06-15 10:50:08 CEST.

Flavor Version Tinstall Tcheck Ttotal Status Flags
r-devel-linux-x86_64-debian-clang 1.0.0 7.15 77.29 84.44 OK
r-devel-linux-x86_64-debian-gcc 1.0.0 5.37 58.97 64.34 OK
r-devel-linux-x86_64-fedora-clang 1.0.0 111.09 NOTE
r-devel-linux-x86_64-fedora-gcc 1.0.0 100.66 NOTE
r-devel-windows-x86_64 1.0.0 13.00 97.00 110.00 OK
r-devel-windows-x86_64-gcc10-UCRT 1.0.0 NOTE
r-patched-linux-x86_64 1.0.0 8.27 73.88 82.15 OK
r-patched-solaris-x86 1.0.0 153.60 NOTE
r-release-linux-x86_64 1.0.0 7.28 74.43 81.71 OK
r-release-macos-arm64 1.0.0 NOTE
r-release-macos-x86_64 1.0.0 NOTE
r-release-windows-ix86+x86_64 1.0.0 19.00 96.00 115.00 OK
r-oldrel-macos-x86_64 1.0.0 NOTE
r-oldrel-windows-ix86+x86_64 1.0.0 13.00 96.00 109.00 OK

Check Details

Version: 1.0.0
Check: dependencies in R code
Result: NOTE
    Namespace in Imports field not imported from: ‘Rcpp’
     All declared Imports should be used.
Flavors: r-devel-linux-x86_64-fedora-clang, r-devel-linux-x86_64-fedora-gcc, r-devel-windows-x86_64-gcc10-UCRT, r-patched-solaris-x86, r-release-macos-arm64, r-release-macos-x86_64, r-oldrel-macos-x86_64