CRAN Package Check Results for Package trawl

Last updated on 2021-06-24 10:52:43 CEST.

Flavor Version Tinstall Tcheck Ttotal Status Flags
r-devel-linux-x86_64-debian-clang 0.2.2 4.17 106.87 111.04 NOTE
r-devel-linux-x86_64-debian-gcc 0.2.2 2.98 77.88 80.86 NOTE
r-devel-linux-x86_64-fedora-clang 0.2.2 139.72 NOTE
r-devel-linux-x86_64-fedora-gcc 0.2.2 134.69 NOTE
r-devel-windows-x86_64 0.2.2 7.00 172.00 179.00 NOTE
r-devel-windows-x86_64-gcc10-UCRT 0.2.2 ERROR
r-patched-linux-x86_64 0.2.2 4.14 108.36 112.50 NOTE
r-patched-solaris-x86 0.2.2 304.90 NOTE
r-release-linux-x86_64 0.2.2 3.43 108.21 111.64 NOTE
r-release-macos-arm64 0.2.2 NOTE
r-release-macos-x86_64 0.2.2 NOTE
r-release-windows-ix86+x86_64 0.2.2 8.00 157.00 165.00 NOTE
r-oldrel-macos-x86_64 0.2.2 OK

Check Details

Version: 0.2.2
Check: LazyData
Result: NOTE
     'LazyData' is specified without a 'data' directory
Flavors: r-devel-linux-x86_64-debian-clang, r-devel-linux-x86_64-debian-gcc, r-devel-linux-x86_64-fedora-clang, r-devel-linux-x86_64-fedora-gcc, r-devel-windows-x86_64, r-patched-linux-x86_64, r-patched-solaris-x86, r-release-linux-x86_64, r-release-macos-arm64, r-release-macos-x86_64, r-release-windows-ix86+x86_64

Version: 0.2.2
Check: package dependencies
Result: ERROR
    Packages required but not available: 'ggpubr', 'TSA'
    
    See section 'The DESCRIPTION file' in the 'Writing R Extensions'
    manual.
Flavor: r-devel-windows-x86_64-gcc10-UCRT