CRAN Package Check Results for Package torchdatasets

Last updated on 2021-06-23 10:51:43 CEST.

Flavor Version Tinstall Tcheck Ttotal Status Flags
r-devel-linux-x86_64-debian-clang 0.0.1 2.89 29.32 32.21 NOTE
r-devel-linux-x86_64-debian-gcc 0.0.1 2.08 23.50 25.58 NOTE
r-devel-linux-x86_64-fedora-clang 0.0.1 47.41 NOTE
r-devel-linux-x86_64-fedora-gcc 0.0.1 38.02 NOTE
r-devel-windows-x86_64 0.0.1 5.00 48.00 53.00 NOTE
r-devel-windows-x86_64-gcc10-UCRT 0.0.1 ERROR
r-patched-linux-x86_64 0.0.1 2.48 28.85 31.33 NOTE
r-patched-solaris-x86 0.0.1 60.70 NOTE
r-release-linux-x86_64 0.0.1 2.85 28.38 31.23 NOTE
r-release-macos-arm64 0.0.1 NOTE
r-release-macos-x86_64 0.0.1 NOTE
r-release-windows-ix86+x86_64 0.0.1 6.00 42.00 48.00 NOTE
r-oldrel-macos-x86_64 0.0.1 NOTE

Check Details

Version: 0.0.1
Check: LazyData
Result: NOTE
     'LazyData' is specified without a 'data' directory
Flavors: r-devel-linux-x86_64-debian-clang, r-devel-linux-x86_64-debian-gcc, r-devel-linux-x86_64-fedora-clang, r-devel-linux-x86_64-fedora-gcc, r-devel-windows-x86_64, r-patched-linux-x86_64, r-patched-solaris-x86, r-release-linux-x86_64, r-release-macos-arm64, r-release-macos-x86_64, r-release-windows-ix86+x86_64

Version: 0.0.1
Check: dependencies in R code
Result: NOTE
    Namespaces in Imports field not imported from:
     ‘fs’ ‘stringr’ ‘torch’ ‘torchvision’ ‘zip’
     All declared Imports should be used.
Flavors: r-devel-linux-x86_64-fedora-clang, r-devel-linux-x86_64-fedora-gcc, r-patched-solaris-x86, r-release-macos-arm64, r-release-macos-x86_64, r-oldrel-macos-x86_64

Version: 0.0.1
Check: package dependencies
Result: ERROR
    Package required but not available: 'pins'
    
    See section 'The DESCRIPTION file' in the 'Writing R Extensions'
    manual.
Flavor: r-devel-windows-x86_64-gcc10-UCRT