CRAN Package Check Results for Package textshape

Last updated on 2021-06-24 10:52:42 CEST.

Flavor Version Tinstall Tcheck Ttotal Status Flags
r-devel-linux-x86_64-debian-clang 1.7.3 4.66 41.41 46.07 OK
r-devel-linux-x86_64-debian-gcc 1.7.3 3.54 30.47 34.01 OK
r-devel-linux-x86_64-fedora-clang 1.7.3 62.51 NOTE
r-devel-linux-x86_64-fedora-gcc 1.7.3 51.49 OK
r-devel-windows-x86_64 1.7.3 7.00 58.00 65.00 OK
r-devel-windows-x86_64-gcc10-UCRT 1.7.3 NOTE
r-patched-linux-x86_64 1.7.3 4.79 38.20 42.99 OK
r-patched-solaris-x86 1.7.3 73.40 OK
r-release-linux-x86_64 1.7.3 3.83 38.47 42.30 OK
r-release-macos-arm64 1.7.3 OK
r-release-macos-x86_64 1.7.3 OK
r-release-windows-ix86+x86_64 1.7.3 8.00 53.00 61.00 OK
r-oldrel-macos-x86_64 1.7.3 OK

Check Details

Version: 1.7.3
Check: Rd cross-references
Result: NOTE
    Undeclared packages ‘tm’, ‘textreadr’ in Rd xrefs
Flavor: r-devel-linux-x86_64-fedora-clang

Version: 1.7.3
Check: Rd cross-references
Result: NOTE
    Package unavailable to check Rd xrefs: 'textreadr'
Flavor: r-devel-windows-x86_64-gcc10-UCRT