CRAN Package Check Results for Package templates

Last updated on 2021-06-15 10:50:07 CEST.

Flavor Version Tinstall Tcheck Ttotal Status Flags
r-devel-linux-x86_64-debian-clang 0.3.0 3.39 41.40 44.79 NOTE
r-devel-linux-x86_64-debian-gcc 0.3.0 2.82 31.47 34.29 NOTE
r-devel-linux-x86_64-fedora-clang 0.3.0 64.48 NOTE
r-devel-linux-x86_64-fedora-gcc 0.3.0 52.31 NOTE
r-devel-windows-x86_64 0.3.0 6.00 56.00 62.00 NOTE
r-devel-windows-x86_64-gcc10-UCRT 0.3.0 NOTE
r-patched-linux-x86_64 0.3.0 3.50 39.47 42.97 NOTE
r-patched-solaris-x86 0.3.0 79.60 NOTE
r-release-linux-x86_64 0.3.0 3.55 39.20 42.75 NOTE
r-release-macos-arm64 0.3.0 NOTE
r-release-macos-x86_64 0.3.0 NOTE
r-release-windows-ix86+x86_64 0.3.0 9.00 56.00 65.00 NOTE
r-oldrel-macos-x86_64 0.3.0 OK
r-oldrel-windows-ix86+x86_64 0.3.0 23.00 61.00 84.00 OK

Check Details

Version: 0.3.0
Check: LazyData
Result: NOTE
     'LazyData' is specified without a 'data' directory
Flavors: r-devel-linux-x86_64-debian-clang, r-devel-linux-x86_64-debian-gcc, r-devel-linux-x86_64-fedora-clang, r-devel-linux-x86_64-fedora-gcc, r-devel-windows-x86_64, r-devel-windows-x86_64-gcc10-UCRT, r-patched-linux-x86_64, r-patched-solaris-x86, r-release-linux-x86_64, r-release-macos-arm64, r-release-macos-x86_64, r-release-windows-ix86+x86_64