CRAN Package Check Results for Package taxotools

Last updated on 2021-06-15 10:50:06 CEST.

Flavor Version Tinstall Tcheck Ttotal Status Flags
r-devel-linux-x86_64-debian-clang 0.0.79 7.30 61.45 68.75 NOTE
r-devel-linux-x86_64-debian-gcc 0.0.79 6.39 46.04 52.43 NOTE
r-devel-linux-x86_64-fedora-clang 0.0.79 92.27 NOTE
r-devel-linux-x86_64-fedora-gcc 0.0.79 80.29 NOTE
r-devel-windows-x86_64 0.0.79 14.00 89.00 103.00 NOTE
r-devel-windows-x86_64-gcc10-UCRT 0.0.79 NOTE
r-patched-linux-x86_64 0.0.79 12.25 58.46 70.71 NOTE
r-patched-solaris-x86 0.0.79 116.80 NOTE
r-release-linux-x86_64 0.0.79 6.45 57.91 64.36 NOTE
r-release-macos-arm64 0.0.79 NOTE
r-release-macos-x86_64 0.0.79 NOTE
r-release-windows-ix86+x86_64 0.0.79 18.00 73.00 91.00 NOTE
r-oldrel-macos-x86_64 0.0.79 OK
r-oldrel-windows-ix86+x86_64 0.0.79 22.00 88.00 110.00 OK

Check Details

Version: 0.0.79
Check: LazyData
Result: NOTE
     'LazyData' is specified without a 'data' directory
Flavors: r-devel-linux-x86_64-debian-clang, r-devel-linux-x86_64-debian-gcc, r-devel-linux-x86_64-fedora-clang, r-devel-linux-x86_64-fedora-gcc, r-devel-windows-x86_64, r-devel-windows-x86_64-gcc10-UCRT, r-patched-linux-x86_64, r-patched-solaris-x86, r-release-linux-x86_64, r-release-macos-arm64, r-release-macos-x86_64, r-release-windows-ix86+x86_64