CRAN Package Check Results for Package syn

Last updated on 2021-06-24 10:52:41 CEST.

Flavor Version Tinstall Tcheck Ttotal Status Flags
r-devel-linux-x86_64-debian-clang 0.1.0 11.64 27.56 39.20 NOTE
r-devel-linux-x86_64-debian-gcc 0.1.0 11.23 21.88 33.11 NOTE
r-devel-linux-x86_64-fedora-clang 0.1.0 58.84 NOTE
r-devel-linux-x86_64-fedora-gcc 0.1.0 49.18 NOTE
r-devel-windows-x86_64 0.1.0 19.00 42.00 61.00 NOTE
r-devel-windows-x86_64-gcc10-UCRT 0.1.0 NOTE
r-patched-linux-x86_64 0.1.0 11.77 26.59 38.36 NOTE
r-patched-solaris-x86 0.1.0 87.80 NOTE
r-release-linux-x86_64 0.1.0 12.46 26.15 38.61 NOTE
r-release-macos-arm64 0.1.0 NOTE
r-release-macos-x86_64 0.1.0 NOTE
r-release-windows-ix86+x86_64 0.1.0 19.00 33.00 52.00 NOTE
r-oldrel-macos-x86_64 0.1.0 OK

Check Details

Version: 0.1.0
Check: LazyData
Result: NOTE
     'LazyData' is specified without a 'data' directory
Flavors: r-devel-linux-x86_64-debian-clang, r-devel-linux-x86_64-debian-gcc, r-devel-linux-x86_64-fedora-clang, r-devel-linux-x86_64-fedora-gcc, r-devel-windows-x86_64, r-devel-windows-x86_64-gcc10-UCRT, r-patched-linux-x86_64, r-patched-solaris-x86, r-release-linux-x86_64, r-release-macos-arm64, r-release-macos-x86_64, r-release-windows-ix86+x86_64

Version: 0.1.0
Check: package dependencies
Result: NOTE
    Package suggested but not available for checking: 'covr'
Flavor: r-devel-windows-x86_64-gcc10-UCRT