CRAN Package Check Results for Package swa

Last updated on 2021-06-19 10:52:20 CEST.

Flavor Version Tinstall Tcheck Ttotal Status Flags
r-devel-linux-x86_64-debian-clang 0.8.1 4.99 53.89 58.88 NOTE
r-devel-linux-x86_64-debian-gcc 0.8.1 4.37 40.95 45.32 NOTE
r-devel-linux-x86_64-fedora-clang 0.8.1 79.48 NOTE
r-devel-linux-x86_64-fedora-gcc 0.8.1 69.54 NOTE
r-devel-windows-x86_64 0.8.1 10.00 56.00 66.00 NOTE
r-devel-windows-x86_64-gcc10-UCRT 0.8.1 NOTE
r-patched-linux-x86_64 0.8.1 4.38 50.95 55.33 NOTE
r-patched-solaris-x86 0.8.1 101.00 NOTE
r-release-linux-x86_64 0.8.1 4.80 50.67 55.47 NOTE
r-release-macos-arm64 0.8.1 NOTE
r-release-macos-x86_64 0.8.1 NOTE
r-release-windows-ix86+x86_64 0.8.1 13.00 74.00 87.00 NOTE
r-oldrel-macos-x86_64 0.8.1 OK
r-oldrel-windows-ix86+x86_64 0.8.1 9.00 78.00 87.00 OK

Check Details

Version: 0.8.1
Check: LazyData
Result: NOTE
     'LazyData' is specified without a 'data' directory
Flavors: r-devel-linux-x86_64-debian-clang, r-devel-linux-x86_64-debian-gcc, r-devel-linux-x86_64-fedora-clang, r-devel-linux-x86_64-fedora-gcc, r-devel-windows-x86_64, r-devel-windows-x86_64-gcc10-UCRT, r-patched-linux-x86_64, r-patched-solaris-x86, r-release-linux-x86_64, r-release-macos-arm64, r-release-macos-x86_64, r-release-windows-ix86+x86_64