CRAN Package Check Results for Package sundialr

Last updated on 2021-06-21 10:52:52 CEST.

Flavor Version Tinstall Tcheck Ttotal Status Flags
r-devel-linux-x86_64-debian-clang 0.1.4.1 93.43 44.16 137.59 OK
r-devel-linux-x86_64-debian-gcc 0.1.4.1 55.47 31.88 87.35 OK
r-devel-linux-x86_64-fedora-clang 0.1.4.1 195.56 NOTE
r-devel-linux-x86_64-fedora-gcc 0.1.4.1 163.16 OK
r-devel-windows-x86_64 0.1.4.1 105.00 72.00 177.00 OK
r-devel-windows-x86_64-gcc10-UCRT 0.1.4.1 ERROR
r-patched-linux-x86_64 0.1.4.1 67.51 39.76 107.27 OK
r-patched-solaris-x86 0.1.4.1 177.20 OK
r-release-linux-x86_64 0.1.4.1 65.78 40.48 106.26 OK
r-release-macos-arm64 0.1.4 NOTE
r-release-macos-x86_64 0.1.4.1 NOTE
r-release-windows-ix86+x86_64 0.1.4.1 209.00 101.00 310.00 OK
r-oldrel-macos-x86_64 0.1.4.1 NOTE

Check Details

Version: 0.1.4.1
Check: installed package size
Result: NOTE
     installed size is 6.5Mb
     sub-directories of 1Mb or more:
     libs 3.2Mb
Flavors: r-devel-linux-x86_64-fedora-clang, r-release-macos-x86_64, r-oldrel-macos-x86_64

Version: 0.1.4.1
Check: whether package can be installed
Result: ERROR
    Installation failed.
Flavor: r-devel-windows-x86_64-gcc10-UCRT

Version: 0.1.4
Check: installed package size
Result: NOTE
     installed size is 6.1Mb
     sub-directories of 1Mb or more:
     libs 3.6Mb
Flavor: r-release-macos-arm64

Version: 0.1.4
Check: LazyData
Result: NOTE
     'LazyData' is specified without a 'data' directory
Flavor: r-release-macos-arm64