CRAN Package Check Results for Package stray

Last updated on 2021-05-12 10:51:58 CEST.

Flavor Version Tinstall Tcheck Ttotal Status Flags
r-devel-linux-x86_64-debian-clang 0.1.1 4.66 46.10 50.76 OK
r-devel-linux-x86_64-debian-gcc 0.1.1 3.54 35.52 39.06 OK
r-devel-linux-x86_64-fedora-clang 0.1.1 71.11 NOTE
r-devel-linux-x86_64-fedora-gcc 0.1.1 57.84 NOTE
r-devel-windows-ix86+x86_64 0.1.1 19.00 63.00 82.00 OK
r-devel-windows-x86_64-gcc10-UCRT 0.1.1 NOTE
r-patched-linux-x86_64 0.1.1 4.64 43.21 47.85 OK
r-patched-solaris-x86 0.1.1 90.30 NOTE
r-release-linux-x86_64 0.1.1 4.52 43.14 47.66 OK
r-release-macos-x86_64 0.1.1 NOTE
r-release-windows-ix86+x86_64 0.1.1 9.00 47.00 56.00 OK
r-oldrel-macos-x86_64 0.1.1 NOTE
r-oldrel-windows-ix86+x86_64 0.1.1 11.00 58.00 69.00 OK

Check Details

Version: 0.1.1
Check: dependencies in R code
Result: NOTE
    Namespace in Imports field not imported from: ‘ks’
     All declared Imports should be used.
Flavors: r-devel-linux-x86_64-fedora-clang, r-devel-linux-x86_64-fedora-gcc, r-devel-windows-x86_64-gcc10-UCRT, r-patched-solaris-x86, r-release-macos-x86_64, r-oldrel-macos-x86_64

Version: 0.1.1
Check: Rd cross-references
Result: NOTE
    Undeclared package ‘HDoutliers’ in Rd xrefs
Flavor: r-devel-linux-x86_64-fedora-clang