CRAN Package Check Results for Package stickr

Last updated on 2021-06-14 10:52:04 CEST.

Flavor Version Tinstall Tcheck Ttotal Status Flags
r-devel-linux-x86_64-debian-clang 0.3.1 2.10 24.46 26.56 NOTE
r-devel-linux-x86_64-debian-gcc 0.3.1 1.73 19.59 21.32 NOTE
r-devel-linux-x86_64-fedora-clang 0.3.1 41.70 NOTE
r-devel-linux-x86_64-fedora-gcc 0.3.1 33.17 NOTE
r-devel-windows-x86_64 0.3.1 4.00 42.00 46.00 NOTE
r-devel-windows-x86_64-gcc10-UCRT 0.3.1 NOTE
r-patched-linux-x86_64 0.3.1 2.26 24.09 26.35 NOTE
r-patched-solaris-x86 0.3.1 49.50 NOTE
r-release-linux-x86_64 0.3.1 1.90 24.06 25.96 NOTE
r-release-macos-arm64 0.3.1 NOTE
r-release-macos-x86_64 0.3.1 NOTE
r-release-windows-ix86+x86_64 0.3.1 5.00 44.00 49.00 NOTE
r-oldrel-macos-x86_64 0.3.1 OK
r-oldrel-windows-ix86+x86_64 0.3.1 16.00 49.00 65.00 OK

Check Details

Version: 0.3.1
Check: LazyData
Result: NOTE
     'LazyData' is specified without a 'data' directory
Flavors: r-devel-linux-x86_64-debian-clang, r-devel-linux-x86_64-debian-gcc, r-devel-linux-x86_64-fedora-clang, r-devel-linux-x86_64-fedora-gcc, r-devel-windows-x86_64, r-devel-windows-x86_64-gcc10-UCRT, r-patched-linux-x86_64, r-patched-solaris-x86, r-release-linux-x86_64, r-release-macos-arm64, r-release-macos-x86_64, r-release-windows-ix86+x86_64