CRAN Package Check Results for Package standardize

Last updated on 2021-06-21 10:52:51 CEST.

Flavor Version Tinstall Tcheck Ttotal Status Flags
r-devel-linux-x86_64-debian-clang 0.2.2 9.16 95.05 104.21 OK
r-devel-linux-x86_64-debian-gcc 0.2.2 6.96 72.05 79.01 OK
r-devel-linux-x86_64-fedora-clang 0.2.2 133.75 OK
r-devel-linux-x86_64-fedora-gcc 0.2.2 126.06 OK
r-devel-windows-x86_64 0.2.2 14.00 121.00 135.00 OK
r-devel-windows-x86_64-gcc10-UCRT 0.2.2 WARN
r-patched-linux-x86_64 0.2.2 8.94 90.36 99.30 OK
r-patched-solaris-x86 0.2.2 188.40 OK
r-release-linux-x86_64 0.2.2 10.33 90.98 101.31 OK
r-release-macos-arm64 0.2.2 OK
r-release-macos-x86_64 0.2.2 OK
r-release-windows-ix86+x86_64 0.2.2 21.00 117.00 138.00 OK
r-oldrel-macos-x86_64 0.2.2 OK

Check Details

Version: 0.2.2
Check: package dependencies
Result: NOTE
    Package suggested but not available for checking: 'afex'
Flavor: r-devel-windows-x86_64-gcc10-UCRT

Version: 0.2.2
Check: re-building of vignette outputs
Result: WARN
    Error(s) in re-building vignettes:
     ...
    --- re-building 'using-standardize.Rmd' using rmarkdown
    Quitting from lines 362-367 (using-standardize.Rmd)
    Error: processing vignette 'using-standardize.Rmd' failed with diagnostics:
    there is no package called 'afex'
    --- failed re-building 'using-standardize.Rmd'
    
    SUMMARY: processing the following file failed:
     'using-standardize.Rmd'
    
    Error: Vignette re-building failed.
    Execution halted
Flavor: r-devel-windows-x86_64-gcc10-UCRT