CRAN Package Check Results for Package stacomirtools

Last updated on 2021-06-19 10:52:19 CEST.

Flavor Version Tinstall Tcheck Ttotal Status Flags
r-devel-linux-x86_64-debian-clang 0.5.3 2.69 27.16 29.85 OK
r-devel-linux-x86_64-debian-gcc 0.5.3 2.22 21.34 23.56 OK
r-devel-linux-x86_64-fedora-clang 0.5.3 47.19 OK
r-devel-linux-x86_64-fedora-gcc 0.5.3 36.68 OK
r-devel-windows-x86_64 0.5.3 5.00 33.00 38.00 OK
r-devel-windows-x86_64-gcc10-UCRT 0.5.3 OK
r-patched-linux-x86_64 0.5.3 3.12 26.22 29.34 OK
r-patched-solaris-x86 0.5.3 55.70 OK
r-release-linux-x86_64 0.5.3 2.81 25.94 28.75 OK
r-release-macos-arm64 0.5.3 ERROR
r-release-macos-x86_64 0.5.3 OK
r-release-windows-ix86+x86_64 0.5.3 6.00 34.00 40.00 OK
r-oldrel-macos-x86_64 0.5.3 OK
r-oldrel-windows-ix86+x86_64 0.5.3 5.00 41.00 46.00 OK

Check Details

Version: 0.5.3
Check: package dependencies
Result: ERROR
    Package required but not available: ‘RODBC’
    
    See section ‘The DESCRIPTION file’ in the ‘Writing R Extensions’
    manual.
Flavor: r-release-macos-arm64