CRAN Package Check Results for Package ssrn

Last updated on 2021-06-22 23:50:49 CEST.

Flavor Version Tinstall Tcheck Ttotal Status Flags
r-devel-linux-x86_64-debian-clang 0.1.0 2.27 29.04 31.31 NOTE
r-devel-linux-x86_64-debian-gcc 0.1.0 1.98 22.73 24.71 NOTE
r-devel-linux-x86_64-fedora-clang 0.1.0 49.14 NOTE
r-devel-linux-x86_64-fedora-gcc 0.1.0 37.27 NOTE
r-devel-windows-x86_64 0.1.0 4.00 46.00 50.00 OK
r-devel-windows-x86_64-gcc10-UCRT 0.1.0 NOTE
r-patched-linux-x86_64 0.1.0 2.64 27.78 30.42 NOTE
r-patched-solaris-x86 0.1.0 56.60 NOTE
r-release-linux-x86_64 0.1.0 2.44 27.71 30.15 NOTE
r-release-macos-arm64 0.1.0 NOTE
r-release-macos-x86_64 0.1.0 NOTE
r-release-windows-ix86+x86_64 0.1.0 4.00 46.00 50.00 OK
r-oldrel-macos-x86_64 0.1.0 OK

Check Details

Version: 0.1.0
Check: package dependencies
Result: NOTE
    Package suggested but not available for checking: 'scanstatistics'
Flavors: r-devel-linux-x86_64-debian-clang, r-devel-linux-x86_64-debian-gcc, r-devel-linux-x86_64-fedora-clang, r-devel-linux-x86_64-fedora-gcc, r-devel-windows-x86_64-gcc10-UCRT, r-patched-linux-x86_64, r-patched-solaris-x86, r-release-linux-x86_64, r-release-macos-arm64, r-release-macos-x86_64