CRAN Package Check Results for Package sscor

Last updated on 2021-05-12 10:51:58 CEST.

Flavor Version Tinstall Tcheck Ttotal Status Flags
r-devel-linux-x86_64-debian-clang 0.2 2.92 27.26 30.18 NOTE
r-devel-linux-x86_64-debian-gcc 0.2 1.85 21.75 23.60 NOTE
r-devel-linux-x86_64-fedora-clang 0.2 46.34 NOTE
r-devel-linux-x86_64-fedora-gcc 0.2 35.10 NOTE
r-devel-windows-ix86+x86_64 0.2 5.00 5.00 10.00 ERROR
r-devel-windows-x86_64-gcc10-UCRT 0.2 NOTE
r-patched-linux-x86_64 0.2 5.46 26.78 32.24 NOTE
r-patched-solaris-x86 0.2 55.50 NOTE
r-release-linux-x86_64 0.2 3.04 26.18 29.22 OK
r-release-macos-x86_64 0.2 OK
r-release-windows-ix86+x86_64 0.2 4.00 31.00 35.00 OK
r-oldrel-macos-x86_64 0.2 OK
r-oldrel-windows-ix86+x86_64 0.2 5.00 31.00 36.00 OK

Check Details

Version: 0.2
Check: LazyData
Result: NOTE
     'LazyData' is specified without a 'data' directory
Flavors: r-devel-linux-x86_64-debian-clang, r-devel-linux-x86_64-debian-gcc, r-devel-linux-x86_64-fedora-clang, r-devel-linux-x86_64-fedora-gcc, r-devel-windows-x86_64-gcc10-UCRT, r-patched-linux-x86_64, r-patched-solaris-x86

Version: 0.2
Check: whether package can be installed
Result: ERROR
    Installation failed.
    See * DONE
Flavor: r-devel-windows-ix86+x86_64