CRAN Package Check Results for Package spass

Last updated on 2021-06-17 23:49:40 CEST.

Flavor Version Tinstall Tcheck Ttotal Status Flags
r-devel-linux-x86_64-debian-clang 1.3 30.77 111.98 142.75 NOTE
r-devel-linux-x86_64-debian-gcc 1.3 23.58 81.72 105.30 NOTE
r-devel-linux-x86_64-fedora-clang 1.3 184.43 NOTE
r-devel-linux-x86_64-fedora-gcc 1.3 171.21 NOTE
r-devel-windows-x86_64 1.3 42.00 138.00 180.00 NOTE
r-devel-windows-x86_64-gcc10-UCRT 1.3 NOTE
r-patched-linux-x86_64 1.3 28.01 106.13 134.14 NOTE
r-patched-solaris-x86 1.3 224.00 NOTE
r-release-linux-x86_64 1.3 29.05 103.87 132.92 NOTE
r-release-macos-arm64 1.3 NOTE
r-release-macos-x86_64 1.3 NOTE
r-release-windows-ix86+x86_64 1.3 74.00 159.00 233.00 NOTE
r-oldrel-macos-x86_64 1.3 OK
r-oldrel-windows-ix86+x86_64 1.3 55.00 197.00 252.00 OK

Check Details

Version: 1.3
Check: LazyData
Result: NOTE
     'LazyData' is specified without a 'data' directory
Flavors: r-devel-linux-x86_64-debian-clang, r-devel-linux-x86_64-debian-gcc, r-devel-linux-x86_64-fedora-clang, r-devel-linux-x86_64-fedora-gcc, r-devel-windows-x86_64, r-devel-windows-x86_64-gcc10-UCRT, r-patched-linux-x86_64, r-patched-solaris-x86, r-release-linux-x86_64, r-release-macos-arm64, r-release-macos-x86_64, r-release-windows-ix86+x86_64