CRAN Package Check Results for Package sourceR

Last updated on 2021-06-22 23:50:49 CEST.

Flavor Version Tinstall Tcheck Ttotal Status Flags
r-devel-linux-x86_64-debian-clang 1.1.0 45.22 114.89 160.11 OK
r-devel-linux-x86_64-debian-gcc 1.1.0 30.11 81.97 112.08 OK
r-devel-linux-x86_64-fedora-clang 1.1.0 198.17 NOTE
r-devel-linux-x86_64-fedora-gcc 1.1.0 194.38 NOTE
r-devel-windows-x86_64 1.1.0 57.00 145.00 202.00 OK
r-devel-windows-x86_64-gcc10-UCRT 1.1.0 NOTE
r-patched-linux-x86_64 1.1.0 42.00 105.23 147.23 OK
r-patched-solaris-x86 1.1.0 215.70 NOTE
r-release-linux-x86_64 1.1.0 36.09 107.78 143.87 OK
r-release-macos-arm64 1.1.0 NOTE
r-release-macos-x86_64 1.1.0 NOTE
r-release-windows-ix86+x86_64 1.1.0 70.00 171.00 241.00 OK
r-oldrel-macos-x86_64 1.1.0 NOTE

Check Details

Version: 1.1.0
Check: dependencies in R code
Result: NOTE
    Namespaces in Imports field not imported from:
     ‘gtools’ ‘reshape2’
     All declared Imports should be used.
Flavors: r-devel-linux-x86_64-fedora-clang, r-devel-linux-x86_64-fedora-gcc, r-devel-windows-x86_64-gcc10-UCRT, r-patched-solaris-x86, r-release-macos-arm64, r-release-macos-x86_64, r-oldrel-macos-x86_64

Version: 1.1.0
Check: installed package size
Result: NOTE
     installed size is 5.3Mb
     sub-directories of 1Mb or more:
     doc 1.9Mb
     libs 2.4Mb
Flavor: r-release-macos-arm64