CRAN Package Check Results for Package sonicscrewdriver

Last updated on 2021-07-31 10:52:31 CEST.

Flavor Version Tinstall Tcheck Ttotal Status Flags
r-devel-linux-x86_64-debian-clang 0.0.4 11.36 95.54 106.90 OK
r-devel-linux-x86_64-debian-gcc 0.0.4 8.47 69.83 78.30 OK
r-devel-linux-x86_64-fedora-clang 0.0.4 134.11 NOTE
r-devel-linux-x86_64-fedora-gcc 0.0.4 118.75 NOTE
r-devel-windows-x86_64 0.0.4 13.00 119.00 132.00 OK
r-devel-windows-x86_64-gcc10-UCRT 0.0.4 NOTE
r-patched-linux-x86_64 0.0.4 OK
r-patched-solaris-x86 0.0.4 158.70 NOTE
r-release-linux-x86_64 0.0.4 9.67 90.48 100.15 OK
r-release-macos-arm64 0.0.4 NOTE
r-release-macos-x86_64 0.0.4 NOTE
r-release-windows-ix86+x86_64 0.0.4 22.00 114.00 136.00 OK
r-oldrel-macos-x86_64 0.0.4 NOTE
r-oldrel-windows-ix86+x86_64 0.0.4 15.00 117.00 132.00 OK

Check Details

Version: 0.0.4
Check: dependencies in R code
Result: NOTE
    Namespace in Imports field not imported from: ‘methods’
     All declared Imports should be used.
Flavors: r-devel-linux-x86_64-fedora-clang, r-devel-linux-x86_64-fedora-gcc, r-devel-windows-x86_64-gcc10-UCRT, r-patched-solaris-x86, r-release-macos-arm64, r-release-macos-x86_64, r-oldrel-macos-x86_64

Version: 0.0.4
Check: package dependencies
Result: NOTE
    Package suggested but not available for checking: ‘av’
Flavor: r-patched-solaris-x86