CRAN Package Check Results for Package slopeOP

Last updated on 2021-06-21 10:52:50 CEST.

Flavor Version Tinstall Tcheck Ttotal Status Flags
r-devel-linux-x86_64-debian-clang 1.0.1 36.46 27.47 63.93 NOTE
r-devel-linux-x86_64-debian-gcc 1.0.1 22.22 21.42 43.64 NOTE
r-devel-linux-x86_64-fedora-clang 1.0.1 101.60 NOTE
r-devel-linux-x86_64-fedora-gcc 1.0.1 80.35 NOTE
r-devel-windows-x86_64 1.0.1 45.00 55.00 100.00 NOTE
r-devel-windows-x86_64-gcc10-UCRT 1.0.1 NOTE
r-patched-linux-x86_64 1.0.1 25.93 26.37 52.30 NOTE
r-patched-solaris-x86 1.0.1 88.50 NOTE
r-release-linux-x86_64 1.0.1 27.55 26.54 54.09 NOTE
r-release-macos-arm64 1.0.1 NOTE
r-release-macos-x86_64 1.0.1 NOTE
r-release-windows-ix86+x86_64 1.0.1 85.00 52.00 137.00 NOTE
r-oldrel-macos-x86_64 1.0.1 OK
r-oldrel-windows-ix86+x86_64 1.0.1 68.00 0.00 68.00 OK

Check Details

Version: 1.0.1
Check: LazyData
Result: NOTE
     'LazyData' is specified without a 'data' directory
Flavors: r-devel-linux-x86_64-debian-clang, r-devel-linux-x86_64-debian-gcc, r-devel-linux-x86_64-fedora-clang, r-devel-linux-x86_64-fedora-gcc, r-devel-windows-x86_64, r-devel-windows-x86_64-gcc10-UCRT, r-patched-linux-x86_64, r-patched-solaris-x86, r-release-linux-x86_64, r-release-macos-arm64, r-release-macos-x86_64, r-release-windows-ix86+x86_64