CRAN Package Check Results for Package simule

Last updated on 2021-05-12 10:51:57 CEST.

Flavor Version Tinstall Tcheck Ttotal Status Flags
r-devel-linux-x86_64-debian-clang 1.3.0 3.28 34.44 37.72 OK
r-devel-linux-x86_64-debian-gcc 1.3.0 2.40 27.12 29.52 OK
r-devel-linux-x86_64-fedora-clang 1.3.0 56.32 OK
r-devel-linux-x86_64-fedora-gcc 1.3.0 43.60 OK
r-devel-windows-ix86+x86_64 1.3.0 5.00 5.00 10.00 ERROR
r-devel-windows-x86_64-gcc10-UCRT 1.3.0 OK
r-patched-linux-x86_64 1.3.0 3.13 34.07 37.20 OK
r-patched-solaris-x86 1.3.0 70.30 OK
r-release-linux-x86_64 1.3.0 2.97 33.63 36.60 OK
r-release-macos-x86_64 1.3.0 OK
r-release-windows-ix86+x86_64 1.3.0 5.00 39.00 44.00 OK
r-oldrel-macos-x86_64 1.3.0 OK
r-oldrel-windows-ix86+x86_64 1.3.0 5.00 37.00 42.00 OK

Check Details

Version: 1.3.0
Check: whether package can be installed
Result: ERROR
    Installation failed.
    See 'd:/Rcompile/CRANpkg/local/4.1/simule.Rcheck/00install.out'* DONE
Flavor: r-devel-windows-ix86+x86_64