CRAN Package Check Results for Package shinyrecipes

Last updated on 2021-06-22 23:50:48 CEST.

Flavor Version Tinstall Tcheck Ttotal Status Flags
r-devel-linux-x86_64-debian-clang 0.1.0 16.62 123.08 139.70 NOTE
r-devel-linux-x86_64-debian-gcc 0.1.0 11.03 92.63 103.66 NOTE
r-devel-linux-x86_64-fedora-clang 0.1.0 172.17 NOTE
r-devel-linux-x86_64-fedora-gcc 0.1.0 163.79 NOTE
r-devel-windows-x86_64 0.1.0 24.00 149.00 173.00 NOTE
r-devel-windows-x86_64-gcc10-UCRT 0.1.0 ERROR
r-patched-linux-x86_64 0.1.0 14.05 117.42 131.47 NOTE
r-patched-solaris-x86 0.1.0 216.70 NOTE
r-release-linux-x86_64 0.1.0 14.14 116.78 130.92 NOTE
r-release-macos-arm64 0.1.0 NOTE
r-release-macos-x86_64 0.1.0 NOTE
r-release-windows-ix86+x86_64 0.1.0 28.00 122.00 150.00 NOTE
r-oldrel-macos-x86_64 0.1.0 OK

Check Details

Version: 0.1.0
Check: LazyData
Result: NOTE
     'LazyData' is specified without a 'data' directory
Flavors: r-devel-linux-x86_64-debian-clang, r-devel-linux-x86_64-debian-gcc, r-devel-linux-x86_64-fedora-clang, r-devel-linux-x86_64-fedora-gcc, r-devel-windows-x86_64, r-patched-linux-x86_64, r-patched-solaris-x86, r-release-linux-x86_64, r-release-macos-arm64, r-release-macos-x86_64, r-release-windows-ix86+x86_64

Version: 0.1.0
Check: package dependencies
Result: ERROR
    Package required but not available: 'esquisse'
    
    See section 'The DESCRIPTION file' in the 'Writing R Extensions'
    manual.
Flavor: r-devel-windows-x86_64-gcc10-UCRT