CRAN Package Check Results for Package shinyMolBio

Last updated on 2021-06-21 10:52:50 CEST.

Flavor Version Tinstall Tcheck Ttotal Status Flags
r-devel-linux-x86_64-debian-clang 0.2 7.64 72.58 80.22 NOTE
r-devel-linux-x86_64-debian-gcc 0.2 6.67 55.06 61.73 NOTE
r-devel-linux-x86_64-fedora-clang 0.2 103.90 NOTE
r-devel-linux-x86_64-fedora-gcc 0.2 92.07 NOTE
r-devel-windows-x86_64 0.2 13.00 96.00 109.00 NOTE
r-devel-windows-x86_64-gcc10-UCRT 0.2 ERROR
r-patched-linux-x86_64 0.2 8.31 68.25 76.56 NOTE
r-patched-solaris-x86 0.2 136.60 NOTE
r-release-linux-x86_64 0.2 7.92 68.11 76.03 NOTE
r-release-macos-arm64 0.2 NOTE
r-release-macos-x86_64 0.2 NOTE
r-release-windows-ix86+x86_64 0.2 19.00 99.00 118.00 NOTE
r-oldrel-macos-x86_64 0.2 OK
r-oldrel-windows-ix86+x86_64 0.2 17.00 0.00 17.00 OK

Check Details

Version: 0.2
Check: LazyData
Result: NOTE
     'LazyData' is specified without a 'data' directory
Flavors: r-devel-linux-x86_64-debian-clang, r-devel-linux-x86_64-debian-gcc, r-devel-linux-x86_64-fedora-clang, r-devel-linux-x86_64-fedora-gcc, r-devel-windows-x86_64, r-patched-linux-x86_64, r-patched-solaris-x86, r-release-linux-x86_64, r-release-macos-arm64, r-release-macos-x86_64, r-release-windows-ix86+x86_64

Version: 0.2
Check: package dependencies
Result: ERROR
    Package required but not available: 'plotly'
    
    See section 'The DESCRIPTION file' in the 'Writing R Extensions'
    manual.
Flavor: r-devel-windows-x86_64-gcc10-UCRT