CRAN Package Check Results for Package sglOptim

Last updated on 2021-06-22 23:50:48 CEST.

Flavor Version Tinstall Tcheck Ttotal Status Flags
r-devel-linux-x86_64-debian-clang 1.3.8 82.78 77.79 160.57 OK
r-devel-linux-x86_64-debian-gcc 1.3.8 49.46 59.59 109.05 OK
r-devel-linux-x86_64-fedora-clang 1.3.8 219.56 NOTE
r-devel-linux-x86_64-fedora-gcc 1.3.8 187.52 OK
r-devel-windows-x86_64 1.3.8 75.00 117.00 192.00 OK
r-devel-windows-x86_64-gcc10-UCRT 1.3.8 OK
r-patched-linux-x86_64 1.3.8 58.47 74.70 133.17 OK
r-patched-solaris-x86 1.3.8 214.00 OK
r-release-linux-x86_64 1.3.8 57.58 75.35 132.93 OK
r-release-macos-arm64 1.3.8 NOTE
r-release-macos-x86_64 1.3.8 NOTE
r-release-windows-ix86+x86_64 1.3.8 116.00 131.00 247.00 OK
r-oldrel-macos-x86_64 1.3.8 NOTE

Check Details

Version: 1.3.8
Check: installed package size
Result: NOTE
     installed size is 10.0Mb
     sub-directories of 1Mb or more:
     libs 8.5Mb
Flavors: r-devel-linux-x86_64-fedora-clang, r-release-macos-arm64, r-release-macos-x86_64, r-oldrel-macos-x86_64