CRAN Package Check Results for Package secsse

Last updated on 2021-05-06 10:50:08 CEST.

Flavor Version Tinstall Tcheck Ttotal Status Flags
r-devel-linux-x86_64-debian-clang 2.0.7 5.72 237.12 242.84 OK
r-devel-linux-x86_64-debian-gcc 2.0.7 4.58 178.70 183.28 OK
r-devel-linux-x86_64-fedora-clang 2.0.7 295.25 OK
r-devel-linux-x86_64-fedora-gcc 2.0.7 292.55 OK
r-devel-windows-ix86+x86_64 2.0.7 15.00 430.00 445.00 NOTE
r-devel-windows-x86_64-gcc10-UCRT 2.0.7 NOTE
r-patched-linux-x86_64 2.0.7 5.51 222.91 228.42 OK
r-patched-solaris-x86 2.0.7 241.80 OK
r-release-linux-x86_64 2.0.7 5.37 226.02 231.39 OK
r-release-macos-x86_64 2.0.7 OK
r-release-windows-ix86+x86_64 2.0.7 14.00 324.00 338.00 NOTE
r-oldrel-macos-x86_64 2.0.7 OK
r-oldrel-windows-ix86+x86_64 2.0.7 11.00 416.00 427.00 NOTE

Check Details

Version: 2.0.7
Check: package dependencies
Result: NOTE
    Package which this enhances but not available for checking: 'doMC'
Flavors: r-devel-windows-ix86+x86_64, r-devel-windows-x86_64-gcc10-UCRT, r-release-windows-ix86+x86_64, r-oldrel-windows-ix86+x86_64