CRAN Package Check Results for Package scoringRules

Last updated on 2021-06-22 23:50:47 CEST.

Flavor Version Tinstall Tcheck Ttotal Status Flags
r-devel-linux-x86_64-debian-clang 1.0.1 71.12 291.96 363.08 OK
r-devel-linux-x86_64-debian-gcc 1.0.1 48.89 215.06 263.95 OK
r-devel-linux-x86_64-fedora-clang 1.0.1 449.70 OK
r-devel-linux-x86_64-fedora-gcc 1.0.1 444.39 OK
r-devel-windows-x86_64 1.0.1 83.00 405.00 488.00 OK
r-devel-windows-x86_64-gcc10-UCRT 1.0.1 OK
r-patched-linux-x86_64 1.0.1 54.90 287.81 342.71 OK
r-patched-solaris-x86 1.0.1 581.10 OK
r-release-linux-x86_64 1.0.1 57.20 287.65 344.85 OK
r-release-macos-arm64 1.0.1 NOTE
r-release-macos-x86_64 1.0.1 NOTE
r-release-windows-ix86+x86_64 1.0.1 150.00 339.00 489.00 OK
r-oldrel-macos-x86_64 1.0.1 NOTE

Check Details

Version: 1.0.1
Check: installed package size
Result: NOTE
     installed size is 6.0Mb
     sub-directories of 1Mb or more:
     libs 4.2Mb
Flavors: r-release-macos-arm64, r-release-macos-x86_64, r-oldrel-macos-x86_64