CRAN Package Check Results for Package scopr

Last updated on 2021-06-22 23:50:47 CEST.

Flavor Version Tinstall Tcheck Ttotal Status Flags
r-devel-linux-x86_64-debian-clang 0.3.3 3.64 68.55 72.19 OK
r-devel-linux-x86_64-debian-gcc 0.3.3 2.52 51.14 53.66 OK
r-devel-linux-x86_64-fedora-clang 0.3.3 90.69 OK
r-devel-linux-x86_64-fedora-gcc 0.3.3 81.18 OK
r-devel-windows-x86_64 0.3.3 6.00 84.00 90.00 OK
r-devel-windows-x86_64-gcc10-UCRT 0.3.3 ERROR
r-patched-linux-x86_64 0.3.3 7.57 64.57 72.14 OK
r-patched-solaris-x86 0.3.3 110.30 OK
r-release-linux-x86_64 0.3.3 3.28 62.90 66.18 OK
r-release-macos-arm64 0.3.3 OK
r-release-macos-x86_64 0.3.3 OK
r-release-windows-ix86+x86_64 0.3.3 6.00 59.00 65.00 OK
r-oldrel-macos-x86_64 0.3.3 OK

Check Details

Version: 0.3.3
Check: package dependencies
Result: NOTE
    Package suggested but not available for checking: 'covr'
Flavor: r-devel-windows-x86_64-gcc10-UCRT

Version: 0.3.3
Check: tests
Result: ERROR
     Running 'testthat.R'
    Running the tests in 'tests/testthat.R' failed.
    Last 13 lines of output:
     6. \-base:::tryCatchOne(expr, names, parentenv, handlers[[1L]])
     7. \-value[[3L]](cond)
     -- Error (test-list_result_files.R:31:3): list_result_files fails works with remote index? --
     Error: Could not find index file: https://raw.githubusercontent.com/rethomics/scopr/master/inst/extdata/ethoscope_results/index.txt
     Backtrace:
     x
     1. \-scopr:::list_result_files(dir, index_file = "index.txt") test-list_result_files.R:31:2
     2. \-base::tryCatch(...)
     3. \-base:::tryCatchList(expr, classes, parentenv, handlers)
     4. \-base:::tryCatchOne(expr, names, parentenv, handlers[[1L]])
     5. \-value[[3L]](cond)
    
     [ FAIL 3 | WARN 0 | SKIP 0 | PASS 43 ]
     Error: Test failures
     Execution halted
Flavor: r-devel-windows-x86_64-gcc10-UCRT