CRAN Package Check Results for Package sanityTracker

Last updated on 2021-06-17 23:49:38 CEST.

Flavor Version Tinstall Tcheck Ttotal Status Flags
r-devel-linux-x86_64-debian-clang 0.1.0 2.77 33.22 35.99 NOTE
r-devel-linux-x86_64-debian-gcc 0.1.0 1.66 25.22 26.88 NOTE
r-devel-linux-x86_64-fedora-clang 0.1.0 52.16 NOTE
r-devel-linux-x86_64-fedora-gcc 0.1.0 41.14 NOTE
r-devel-windows-x86_64 0.1.0 5.00 39.00 44.00 NOTE
r-devel-windows-x86_64-gcc10-UCRT 0.1.0 NOTE
r-patched-linux-x86_64 0.1.0 3.06 31.99 35.05 NOTE
r-patched-solaris-x86 0.1.0 62.00 NOTE
r-release-linux-x86_64 0.1.0 2.79 31.93 34.72 NOTE
r-release-macos-arm64 0.1.0 NOTE
r-release-macos-x86_64 0.1.0 NOTE
r-release-windows-ix86+x86_64 0.1.0 7.00 52.00 59.00 NOTE
r-oldrel-macos-x86_64 0.1.0 OK
r-oldrel-windows-ix86+x86_64 0.1.0 6.00 49.00 55.00 OK

Check Details

Version: 0.1.0
Check: LazyData
Result: NOTE
     'LazyData' is specified without a 'data' directory
Flavors: r-devel-linux-x86_64-debian-clang, r-devel-linux-x86_64-debian-gcc, r-devel-linux-x86_64-fedora-clang, r-devel-linux-x86_64-fedora-gcc, r-devel-windows-x86_64, r-devel-windows-x86_64-gcc10-UCRT, r-patched-linux-x86_64, r-patched-solaris-x86, r-release-linux-x86_64, r-release-macos-arm64, r-release-macos-x86_64, r-release-windows-ix86+x86_64