CRAN Package Check Results for Package salty

Last updated on 2021-06-22 23:50:47 CEST.

Flavor Version Tinstall Tcheck Ttotal Status Flags
r-devel-linux-x86_64-debian-clang 0.1.0 2.41 41.51 43.92 NOTE
r-devel-linux-x86_64-debian-gcc 0.1.0 1.82 31.61 33.43 NOTE
r-devel-linux-x86_64-fedora-clang 0.1.0 60.81 NOTE
r-devel-linux-x86_64-fedora-gcc 0.1.0 50.87 NOTE
r-devel-windows-x86_64 0.1.0 4.00 62.00 66.00 NOTE
r-devel-windows-x86_64-gcc10-UCRT 0.1.0 NOTE
r-patched-linux-x86_64 0.1.0 2.71 40.04 42.75 NOTE
r-patched-solaris-x86 0.1.0 72.20 NOTE
r-release-linux-x86_64 0.1.0 1.97 39.33 41.30 NOTE
r-release-macos-arm64 0.1.0 NOTE
r-release-macos-x86_64 0.1.0 NOTE
r-release-windows-ix86+x86_64 0.1.0 7.00 49.00 56.00 NOTE
r-oldrel-macos-x86_64 0.1.0 OK

Check Details

Version: 0.1.0
Check: LazyData
Result: NOTE
     'LazyData' is specified without a 'data' directory
Flavors: r-devel-linux-x86_64-debian-clang, r-devel-linux-x86_64-debian-gcc, r-devel-linux-x86_64-fedora-clang, r-devel-linux-x86_64-fedora-gcc, r-devel-windows-x86_64, r-devel-windows-x86_64-gcc10-UCRT, r-patched-linux-x86_64, r-patched-solaris-x86, r-release-linux-x86_64, r-release-macos-arm64, r-release-macos-x86_64, r-release-windows-ix86+x86_64

Version: 0.1.0
Check: package dependencies
Result: NOTE
    Package suggested but not available for checking: 'covr'
Flavor: r-devel-windows-x86_64-gcc10-UCRT