CRAN Package Check Results for Package rwa

Last updated on 2021-06-15 10:50:03 CEST.

Flavor Version Tinstall Tcheck Ttotal Status Flags
r-devel-linux-x86_64-debian-clang 0.0.3 4.48 45.62 50.10 NOTE
r-devel-linux-x86_64-debian-gcc 0.0.3 3.67 34.62 38.29 NOTE
r-devel-linux-x86_64-fedora-clang 0.0.3 67.86 NOTE
r-devel-linux-x86_64-fedora-gcc 0.0.3 56.16 NOTE
r-devel-windows-x86_64 0.0.3 9.00 63.00 72.00 NOTE
r-devel-windows-x86_64-gcc10-UCRT 0.0.3 NOTE
r-patched-linux-x86_64 0.0.3 4.13 42.34 46.47 NOTE
r-patched-solaris-x86 0.0.3 83.70 NOTE
r-release-linux-x86_64 0.0.3 4.52 42.29 46.81 NOTE
r-release-macos-arm64 0.0.3 NOTE
r-release-macos-x86_64 0.0.3 NOTE
r-release-windows-ix86+x86_64 0.0.3 12.00 64.00 76.00 NOTE
r-oldrel-macos-x86_64 0.0.3 OK
r-oldrel-windows-ix86+x86_64 0.0.3 14.00 63.00 77.00 OK

Check Details

Version: 0.0.3
Check: LazyData
Result: NOTE
     'LazyData' is specified without a 'data' directory
Flavors: r-devel-linux-x86_64-debian-clang, r-devel-linux-x86_64-debian-gcc, r-devel-linux-x86_64-fedora-clang, r-devel-linux-x86_64-fedora-gcc, r-devel-windows-x86_64, r-devel-windows-x86_64-gcc10-UCRT, r-patched-linux-x86_64, r-patched-solaris-x86, r-release-linux-x86_64, r-release-macos-arm64, r-release-macos-x86_64, r-release-windows-ix86+x86_64