CRAN Package Check Results for Package rvinecopulib

Last updated on 2021-06-16 10:52:33 CEST.

Flavor Version Tinstall Tcheck Ttotal Status Flags
r-devel-linux-x86_64-debian-clang 0.5.5.1.1 139.34 73.66 213.00 NOTE
r-devel-linux-x86_64-debian-gcc 0.5.5.1.1 124.57 55.47 180.04 NOTE
r-devel-linux-x86_64-fedora-clang 0.5.5.1.1 311.23 NOTE
r-devel-linux-x86_64-fedora-gcc 0.5.5.1.1 308.61 NOTE
r-devel-windows-x86_64 0.5.5.1.1 160.00 117.00 277.00 NOTE
r-devel-windows-x86_64-gcc10-UCRT 0.5.5.1.1 NOTE
r-patched-linux-x86_64 0.5.5.1.1 141.31 71.05 212.36 NOTE
r-patched-solaris-x86 0.5.5.1.1 272.30 NOTE
r-release-linux-x86_64 0.5.5.1.1 142.91 71.11 214.02 NOTE
r-release-macos-arm64 0.5.5.1.1 NOTE
r-release-macos-x86_64 0.5.5.1.1 NOTE
r-release-windows-ix86+x86_64 0.5.5.1.1 315.00 175.00 490.00 NOTE
r-oldrel-macos-x86_64 0.5.5.1.1 NOTE
r-oldrel-windows-ix86+x86_64 0.5.5.1.1 237.00 173.00 410.00 NOTE

Check Details

Version: 0.5.5.1.1
Check: LazyData
Result: NOTE
     'LazyData' is specified without a 'data' directory
Flavors: r-devel-linux-x86_64-debian-clang, r-devel-linux-x86_64-debian-gcc, r-devel-linux-x86_64-fedora-clang, r-devel-linux-x86_64-fedora-gcc, r-devel-windows-x86_64, r-devel-windows-x86_64-gcc10-UCRT, r-patched-linux-x86_64, r-patched-solaris-x86, r-release-linux-x86_64, r-release-macos-arm64, r-release-macos-x86_64, r-release-windows-ix86+x86_64

Version: 0.5.5.1.1
Check: installed package size
Result: NOTE
     installed size is 53.8Mb
     sub-directories of 1Mb or more:
     include 4.0Mb
     libs 49.4Mb
Flavors: r-devel-linux-x86_64-fedora-clang, r-devel-windows-x86_64, r-patched-solaris-x86, r-release-macos-arm64, r-release-macos-x86_64, r-release-windows-ix86+x86_64, r-oldrel-macos-x86_64, r-oldrel-windows-ix86+x86_64