CRAN Package Check Results for Package ruta

Last updated on 2021-09-26 10:49:47 CEST.

Flavor Version Tinstall Tcheck Ttotal Status Flags
r-devel-linux-x86_64-debian-clang 1.1.0 6.50 44.96 51.46 NOTE
r-devel-linux-x86_64-debian-gcc 1.1.0 4.90 35.17 40.07 NOTE
r-devel-linux-x86_64-fedora-clang 1.1.0 69.71 NOTE
r-devel-linux-x86_64-fedora-gcc 1.1.0 60.51 NOTE
r-devel-windows-x86_64 1.1.0 7.00 53.00 60.00 NOTE
r-devel-windows-x86_64-gcc10-UCRT 1.1.0 NOTE
r-patched-linux-x86_64 1.1.0 5.97 44.14 50.11 NOTE
r-patched-solaris-x86 1.1.0 87.00 NOTE
r-release-linux-x86_64 1.1.0 5.44 43.96 49.40 NOTE
r-release-macos-arm64 1.1.0 NOTE
r-release-macos-x86_64 1.1.0 NOTE
r-release-windows-ix86+x86_64 1.1.0 12.00 51.00 63.00 NOTE
r-oldrel-macos-x86_64 1.1.0 OK
r-oldrel-windows-ix86+x86_64 1.1.0 9.00 48.00 57.00 OK

Check Details

Version: 1.1.0
Check: LazyData
Result: NOTE
     'LazyData' is specified without a 'data' directory
Flavors: r-devel-linux-x86_64-debian-clang, r-devel-linux-x86_64-debian-gcc, r-devel-linux-x86_64-fedora-clang, r-devel-linux-x86_64-fedora-gcc, r-devel-windows-x86_64, r-devel-windows-x86_64-gcc10-UCRT, r-patched-linux-x86_64, r-patched-solaris-x86, r-release-linux-x86_64, r-release-macos-arm64, r-release-macos-x86_64, r-release-windows-ix86+x86_64