CRAN Package Check Results for Package rtrends

Last updated on 2021-06-18 23:49:31 CEST.

Flavor Version Tinstall Tcheck Ttotal Status Flags
r-devel-linux-x86_64-debian-clang 0.1.0 2.00 22.69 24.69 OK
r-devel-linux-x86_64-debian-gcc 0.1.0 1.54 18.07 19.61 OK
r-devel-linux-x86_64-fedora-clang 0.1.0 38.88 NOTE
r-devel-linux-x86_64-fedora-gcc 0.1.0 28.31 NOTE
r-devel-windows-x86_64 0.1.0 4.00 39.00 43.00 OK
r-devel-windows-x86_64-gcc10-UCRT 0.1.0 NOTE
r-patched-linux-x86_64 0.1.0 1.98 21.94 23.92 OK
r-patched-solaris-x86 0.1.0 45.00 NOTE
r-release-linux-x86_64 0.1.0 1.71 21.71 23.42 OK
r-release-macos-arm64 0.1.0 NOTE
r-release-macos-x86_64 0.1.0 NOTE
r-release-windows-ix86+x86_64 0.1.0 5.00 34.00 39.00 OK
r-oldrel-macos-x86_64 0.1.0 NOTE
r-oldrel-windows-ix86+x86_64 0.1.0 4.00 38.00 42.00 OK

Check Details

Version: 0.1.0
Check: dependencies in R code
Result: NOTE
    Namespace in Imports field not imported from: ‘dplyr’
     All declared Imports should be used.
Flavors: r-devel-linux-x86_64-fedora-clang, r-devel-linux-x86_64-fedora-gcc, r-devel-windows-x86_64-gcc10-UCRT, r-patched-solaris-x86, r-release-macos-arm64, r-release-macos-x86_64, r-oldrel-macos-x86_64