CRAN Package Check Results for Package rt

Last updated on 2021-06-21 10:52:48 CEST.

Flavor Version Tinstall Tcheck Ttotal Status Flags
r-devel-linux-x86_64-debian-clang 1.1.0 3.08 32.99 36.07 OK
r-devel-linux-x86_64-debian-gcc 1.1.0 2.15 25.73 27.88 OK
r-devel-linux-x86_64-fedora-clang 1.1.0 51.48 OK
r-devel-linux-x86_64-fedora-gcc 1.1.0 42.24 OK
r-devel-windows-x86_64 1.1.0 5.00 44.00 49.00 OK
r-devel-windows-x86_64-gcc10-UCRT 1.1.0 ERROR
r-patched-linux-x86_64 1.1.0 3.39 31.39 34.78 OK
r-patched-solaris-x86 1.1.0 59.10 OK
r-release-linux-x86_64 1.1.0 3.10 31.77 34.87 OK
r-release-macos-arm64 1.0.1 NOTE
r-release-macos-x86_64 1.1.0 OK
r-release-windows-ix86+x86_64 1.1.0 6.00 52.00 58.00 OK
r-oldrel-macos-x86_64 1.1.0 OK

Check Details

Version: 1.1.0
Check: package dependencies
Result: ERROR
    Package required but not available: 'httr'
    
    See section 'The DESCRIPTION file' in the 'Writing R Extensions'
    manual.
Flavor: r-devel-windows-x86_64-gcc10-UCRT

Version: 1.0.1
Check: LazyData
Result: NOTE
     'LazyData' is specified without a 'data' directory
Flavor: r-release-macos-arm64