CRAN Package Check Results for Package rrlda

Last updated on 2021-05-11 23:50:56 CEST.

Flavor Version Tinstall Tcheck Ttotal Status Flags
r-devel-linux-x86_64-debian-clang 1.1 18.57 133.44 152.01 NOTE
r-devel-linux-x86_64-debian-gcc 1.1 16.29 99.53 115.82 NOTE
r-devel-linux-x86_64-fedora-clang 1.1 197.34 NOTE
r-devel-linux-x86_64-fedora-gcc 1.1 175.31 NOTE
r-devel-windows-ix86+x86_64 1.1 48.00 16.00 64.00 ERROR
r-devel-windows-x86_64-gcc10-UCRT 1.1 NOTE
r-patched-linux-x86_64 1.1 16.58 126.31 142.89 NOTE
r-patched-solaris-x86 1.1 264.40 NOTE
r-release-linux-x86_64 1.1 17.17 122.05 139.22 NOTE
r-release-macos-x86_64 1.1 NOTE
r-release-windows-ix86+x86_64 1.1 37.00 124.00 161.00 NOTE
r-oldrel-macos-x86_64 1.1 NOTE
r-oldrel-windows-ix86+x86_64 1.1 38.00 107.00 145.00 NOTE

Check Details

Version: 1.1
Check: dependencies in R code
Result: NOTE
    Packages in Depends field not imported from:
     'glasso' 'matrixcalc' 'mvoutlier' 'pcaPP'
     These packages need to be imported from (in the NAMESPACE file)
     for when this namespace is loaded but not attached.
Flavors: r-devel-linux-x86_64-debian-clang, r-devel-linux-x86_64-debian-gcc, r-devel-linux-x86_64-fedora-clang, r-devel-linux-x86_64-fedora-gcc, r-devel-windows-x86_64-gcc10-UCRT, r-patched-linux-x86_64, r-patched-solaris-x86, r-release-linux-x86_64, r-release-macos-x86_64, r-release-windows-ix86+x86_64, r-oldrel-macos-x86_64, r-oldrel-windows-ix86+x86_64

Version: 1.1
Check: R code for possible problems
Result: NOTE
    rrest: no visible binding for global variable 'glasso'
    rrest: no visible global function definition for 'pcout'
    rrest: no visible global function definition for 'var'
    rrest: no visible global function definition for 'mahalanobis'
    rrlda : centerObservations: no visible global function definition for
     'l1median_NLM'
    rrlda : df.L2glasso: no visible global function definition for
     'duplication.matrix'
    rrlda : alt.df.L2glasso: no visible global function definition for
     'lower.triangle'
    Undefined global functions or variables:
     duplication.matrix glasso l1median_NLM lower.triangle mahalanobis
     pcout var
    Consider adding
     importFrom("stats", "mahalanobis", "var")
    to your NAMESPACE file.
Flavors: r-devel-linux-x86_64-debian-clang, r-devel-linux-x86_64-debian-gcc, r-devel-linux-x86_64-fedora-clang, r-devel-linux-x86_64-fedora-gcc, r-devel-windows-x86_64-gcc10-UCRT, r-patched-linux-x86_64, r-patched-solaris-x86, r-release-linux-x86_64, r-release-macos-x86_64, r-release-windows-ix86+x86_64, r-oldrel-macos-x86_64, r-oldrel-windows-ix86+x86_64

Version: 1.1
Check: whether package can be installed
Result: ERROR
    Installation failed.
Flavor: r-devel-windows-ix86+x86_64