CRAN Package Check Results for Package rpms

Last updated on 2021-06-19 10:52:16 CEST.

Flavor Version Tinstall Tcheck Ttotal Status Flags
r-devel-linux-x86_64-debian-clang 0.4.0 72.43 61.92 134.35 OK
r-devel-linux-x86_64-debian-gcc 0.4.0 55.09 49.02 104.11 OK
r-devel-linux-x86_64-fedora-clang 0.4.0 194.03 NOTE
r-devel-linux-x86_64-fedora-gcc 0.4.0 176.34 OK
r-devel-windows-x86_64 0.4.0 95.00 89.00 184.00 NOTE
r-devel-windows-x86_64-gcc10-UCRT 0.4.0 OK
r-patched-linux-x86_64 0.4.0 62.69 59.61 122.30 OK
r-patched-solaris-x86 0.4.0 194.90 OK
r-release-linux-x86_64 0.4.0 68.79 59.85 128.64 OK
r-release-macos-arm64 0.4.0 NOTE
r-release-macos-x86_64 0.4.0 NOTE
r-release-windows-ix86+x86_64 0.4.0 181.00 105.00 286.00 NOTE
r-oldrel-macos-x86_64 0.4.0 NOTE
r-oldrel-windows-ix86+x86_64 0.4.0 128.00 146.00 274.00 NOTE

Check Details

Version: 0.4.0
Check: installed package size
Result: NOTE
     installed size is 8.7Mb
     sub-directories of 1Mb or more:
     data 2.4Mb
     libs 4.5Mb
Flavors: r-devel-linux-x86_64-fedora-clang, r-devel-windows-x86_64, r-release-macos-arm64, r-release-macos-x86_64, r-release-windows-ix86+x86_64, r-oldrel-macos-x86_64, r-oldrel-windows-ix86+x86_64