CRAN Package Check Results for Package rpls

Last updated on 2021-05-10 10:49:21 CEST.

Flavor Version Tinstall Tcheck Ttotal Status Flags
r-devel-linux-x86_64-debian-clang 0.6.0 3.23 27.47 30.70 OK
r-devel-linux-x86_64-debian-gcc 0.6.0 2.39 21.45 23.84 OK
r-devel-linux-x86_64-fedora-clang 0.6.0 49.32 OK
r-devel-linux-x86_64-fedora-gcc 0.6.0 36.17 OK
r-devel-windows-ix86+x86_64 0.6.0 5.00 4.00 9.00 ERROR
r-devel-windows-x86_64-gcc10-UCRT 0.6.0 OK
r-patched-linux-x86_64 0.6.0 3.32 26.86 30.18 OK
r-patched-solaris-x86 0.6.0 54.90 OK
r-release-linux-x86_64 0.6.0 3.21 25.85 29.06 OK
r-release-macos-x86_64 0.6.0 OK
r-release-windows-ix86+x86_64 0.6.0 5.00 32.00 37.00 OK
r-oldrel-macos-x86_64 0.6.0 OK
r-oldrel-windows-ix86+x86_64 0.6.0 5.00 32.00 37.00 OK

Check Details

Version: 0.6.0
Check: whether package can be installed
Result: ERROR
    Installation failed.
Flavor: r-devel-windows-ix86+x86_64