CRAN Package Check Results for Package rpcdsearch

Last updated on 2021-06-15 10:50:02 CEST.

Flavor Version Tinstall Tcheck Ttotal Status Flags
r-devel-linux-x86_64-debian-clang 1.0 11.06 95.69 106.75 NOTE
r-devel-linux-x86_64-debian-gcc 1.0 8.52 70.48 79.00 NOTE
r-devel-linux-x86_64-fedora-clang 1.0 128.07 NOTE
r-devel-linux-x86_64-fedora-gcc 1.0 120.10 NOTE
r-devel-windows-x86_64 1.0 12.00 97.00 109.00 NOTE
r-devel-windows-x86_64-gcc10-UCRT 1.0 NOTE
r-patched-linux-x86_64 1.0 9.01 90.53 99.54 NOTE
r-patched-solaris-x86 1.0 140.20 NOTE
r-release-linux-x86_64 1.0 10.50 90.70 101.20 NOTE
r-release-macos-arm64 1.0 ERROR
r-release-macos-x86_64 1.0 NOTE
r-release-windows-ix86+x86_64 1.0 19.00 95.00 114.00 NOTE
r-oldrel-macos-x86_64 1.0 OK
r-oldrel-windows-ix86+x86_64 1.0 27.00 95.00 122.00 NOTE

Check Details

Version: 1.0
Check: LazyData
Result: NOTE
     'LazyData' is specified without a 'data' directory
Flavors: r-devel-linux-x86_64-debian-clang, r-devel-linux-x86_64-debian-gcc, r-devel-linux-x86_64-fedora-clang, r-devel-linux-x86_64-fedora-gcc, r-devel-windows-x86_64, r-devel-windows-x86_64-gcc10-UCRT, r-patched-linux-x86_64, r-patched-solaris-x86, r-release-linux-x86_64, r-release-macos-x86_64, r-release-windows-ix86+x86_64

Version: 1.0
Check: package vignettes
Result: NOTE
    Package vignette with placeholder title 'Vignette Title':
     'codelists.Rmd'
Flavors: r-devel-linux-x86_64-debian-clang, r-devel-linux-x86_64-debian-gcc, r-devel-windows-x86_64, r-patched-linux-x86_64, r-release-linux-x86_64, r-release-windows-ix86+x86_64, r-oldrel-windows-ix86+x86_64

Version: 1.0
Check: whether package can be installed
Result: ERROR
    Installation failed.
Flavor: r-release-macos-arm64