CRAN Package Check Results for Package rospca

Last updated on 2021-05-06 10:50:07 CEST.

Flavor Version Tinstall Tcheck Ttotal Status Flags
r-devel-linux-x86_64-debian-clang 1.0.4 7.98 75.42 83.40 OK
r-devel-linux-x86_64-debian-gcc 1.0.4 6.37 56.15 62.52 OK
r-devel-linux-x86_64-fedora-clang 1.0.4 106.43 OK
r-devel-linux-x86_64-fedora-gcc 1.0.4 95.33 OK
r-devel-windows-ix86+x86_64 1.0.4 20.00 4.00 24.00 ERROR
r-devel-windows-x86_64-gcc10-UCRT 1.0.4 OK
r-patched-linux-x86_64 1.0.4 8.14 70.51 78.65 OK
r-patched-solaris-x86 1.0.4 147.50 OK
r-release-linux-x86_64 1.0.4 6.70 69.45 76.15 OK
r-release-macos-x86_64 1.0.4 OK
r-release-windows-ix86+x86_64 1.0.4 14.00 75.00 89.00 OK
r-oldrel-macos-x86_64 1.0.4 OK
r-oldrel-windows-ix86+x86_64 1.0.4 17.00 71.00 88.00 OK

Check Details

Version: 1.0.4
Check: whether package can be installed
Result: ERROR
    Installation failed.
    See 'd:/Rcompile/CRANpkg/local/4.1/rospca.Rcheck/00install.out'* DONE
Flavor: r-devel-windows-ix86+x86_64